{"id":134,"date":"2025-07-08T10:12:42","date_gmt":"2025-07-08T08:12:42","guid":{"rendered":"https:\/\/www.farbysealine.pl\/?page_id=134"},"modified":"2025-07-08T10:12:45","modified_gmt":"2025-07-08T08:12:45","slug":"szpring-pl","status":"publish","type":"page","link":"https:\/\/www.farbysealine.pl\/index.php\/szpring-pl\/","title":{"rendered":"Szpring.pl"},"content":{"rendered":"<p>[et_pb_section fb_built=&#8221;1&#8243; theme_builder_area=&#8221;post_content&#8221; _builder_version=&#8221;4.25.2&#8243; _module_preset=&#8221;default&#8221;][et_pb_row _builder_version=&#8221;4.25.2&#8243; _module_preset=&#8221;default&#8221; theme_builder_area=&#8221;post_content&#8221;][et_pb_column _builder_version=&#8221;4.25.2&#8243; _module_preset=&#8221;default&#8221; type=&#8221;4_4&#8243; theme_builder_area=&#8221;post_content&#8221;][et_pb_text _builder_version=&#8221;4.25.2&#8243; _module_preset=&#8221;default&#8221; theme_builder_area=&#8221;post_content&#8221; hover_enabled=&#8221;0&#8243; sticky_enabled=&#8221;0&#8243;]<\/p>\n<p data-start=\"286\" data-end=\"340\"><a href=\"https:\/\/szpring.pl\"><strong data-start=\"286\" data-end=\"340\">Szpring.pl \u2013 polecany sklep \u017ceglarski<\/strong><\/a><\/p>\n<p data-start=\"342\" data-end=\"739\">Jako przedstawiciel marki <strong data-start=\"368\" data-end=\"380\">Sea-Line<\/strong>, specjalizuj\u0105cej si\u0119 w profesjonalnych farbach, szpachlach i systemach piel\u0119gnacji dla jacht\u00f3w i \u0142odzi, z przyjemno\u015bci\u0105 wspieramy wsp\u00f3\u0142prac\u0119 z firmami, kt\u00f3re stawiaj\u0105 na jako\u015b\u0107, odpowiedzialno\u015b\u0107 i realne wsparcie dla \u015brodowiska \u017ceglarskiego.<br data-start=\"622\" data-end=\"625\" \/>W\u0142a\u015bnie dlatego z pe\u0142nym przekonaniem polecamy <strong data-start=\"672\" data-end=\"686\">Szpring.pl<\/strong> jako solidnego i godnego zaufania partnera w bran\u017cy.<\/p>\n<p data-start=\"741\" data-end=\"1055\">Cenimy ich konsekwentne podej\u015bcie do budowania sklepu opartego na sprawdzonym, starannie wyselekcjonowanym asortymencie. Ich zaanga\u017cowanie w obs\u0142ug\u0119 klienta, fachowe doradztwo oraz zrozumienie realnych potrzeb \u017ceglarzy budz\u0105 nasze pe\u0142ne uznanie.<\/p>\n<p data-start=\"1057\" data-end=\"1351\">Szpring.pl to miejsce, w kt\u00f3rym pasja do \u017ceglowania \u0142\u0105czy si\u0119 z profesjonalizmem \u2013 a to dok\u0142adnie te warto\u015bci, kt\u00f3rymi kierujemy si\u0119 r\u00f3wnie\u017c jako marka Sea-Line. Cieszymy si\u0119, \u017ce w polskim \u015brodowisku wodniackim dzia\u0142a partner, z kt\u00f3rym mo\u017cna tworzy\u0107 przestrze\u0144 dla przysz\u0142ych wsp\u00f3lnych dzia\u0142a\u0144.<\/p>\n<p data-start=\"1353\" data-end=\"1496\">Z ca\u0142ym przekonaniem rekomendujemy <a href=\"https:\/\/szpring.pl\"><strong data-start=\"1388\" data-end=\"1402\">Szpring.pl<\/strong><\/a> wszystkim, kt\u00f3rzy szukaj\u0105 uczciwego, kompetentnego i sprawdzonego sklepu \u017ceglarskiego online.<\/p>\n<p>[\/et_pb_text][et_pb_image _builder_version=&#8221;4.25.2&#8243; _module_preset=&#8221;default&#8221; theme_builder_area=&#8221;post_content&#8221; title_text=&#8221;szpring_pl&#8221; src=&#8221;https:\/\/www.farbysealine.pl\/wp-content\/uploads\/2025\/07\/szpring_pl.jpg&#8221; url=&#8221;https:\/\/szpring.pl&#8221; animation_style=&#8221;fade&#8221; hover_enabled=&#8221;0&#8243; sticky_enabled=&#8221;0&#8243;][\/et_pb_image][\/et_pb_column][\/et_pb_row][\/et_pb_section]<\/p>\n","protected":false},"excerpt":{"rendered":"<p>Szpring.pl \u2013 polecany sklep \u017ceglarski Jako przedstawiciel marki Sea-Line, specjalizuj\u0105cej si\u0119 w profesjonalnych farbach, szpachlach i systemach piel\u0119gnacji dla jacht\u00f3w i \u0142odzi, z przyjemno\u015bci\u0105 wspieramy wsp\u00f3\u0142prac\u0119 z firmami, kt\u00f3re stawiaj\u0105 na jako\u015b\u0107, odpowiedzialno\u015b\u0107 i realne wsparcie dla \u015brodowiska \u017ceglarskiego.W\u0142a\u015bnie dlatego z pe\u0142nym przekonaniem polecamy Szpring.pl jako solidnego i godnego zaufania partnera w bran\u017cy. Cenimy ich [&hellip;]<\/p>\n","protected":false},"author":1,"featured_media":0,"parent":0,"menu_order":0,"comment_status":"closed","ping_status":"closed","template":"","meta":{"_et_pb_use_builder":"on","_et_pb_old_content":"","_et_gb_content_width":"","footnotes":""},"yoast_head":"<!-- This site is optimized with the Yoast SEO plugin v22.9 - https:\/\/yoast.com\/wordpress\/plugins\/seo\/ -->\n<title>Szpring.pl - Farby Sea-Line<\/title>\n<meta name=\"robots\" content=\"index, follow, max-snippet:-1, max-image-preview:large, max-video-preview:-1\" \/>\n<link rel=\"canonical\" href=\"https:\/\/www.farbysealine.pl\/index.php\/szpring-pl\/\" \/>\n<meta property=\"og:locale\" content=\"pl_PL\" \/>\n<meta property=\"og:type\" content=\"article\" \/>\n<meta property=\"og:title\" content=\"Szpring.pl - Farby Sea-Line\" \/>\n<meta property=\"og:description\" content=\"Szpring.pl \u2013 polecany sklep \u017ceglarski Jako przedstawiciel marki Sea-Line, specjalizuj\u0105cej si\u0119 w profesjonalnych farbach, szpachlach i systemach piel\u0119gnacji dla jacht\u00f3w i \u0142odzi, z przyjemno\u015bci\u0105 wspieramy wsp\u00f3\u0142prac\u0119 z firmami, kt\u00f3re stawiaj\u0105 na jako\u015b\u0107, odpowiedzialno\u015b\u0107 i realne wsparcie dla \u015brodowiska \u017ceglarskiego.W\u0142a\u015bnie dlatego z pe\u0142nym przekonaniem polecamy Szpring.pl jako solidnego i godnego zaufania partnera w bran\u017cy. Cenimy ich [&hellip;]\" \/>\n<meta property=\"og:url\" content=\"https:\/\/www.farbysealine.pl\/index.php\/szpring-pl\/\" \/>\n<meta property=\"og:site_name\" content=\"Farby Sea-Line\" \/>\n<meta property=\"article:modified_time\" content=\"2025-07-08T08:12:45+00:00\" \/>\n<meta name=\"twitter:card\" content=\"summary_large_image\" \/>\n<meta name=\"twitter:label1\" content=\"Szacowany czas czytania\" \/>\n\t<meta name=\"twitter:data1\" content=\"2 minuty\" \/>\n<script type=\"application\/ld+json\" class=\"yoast-schema-graph\">{\"@context\":\"https:\/\/schema.org\",\"@graph\":[{\"@type\":\"WebPage\",\"@id\":\"https:\/\/www.farbysealine.pl\/index.php\/szpring-pl\/\",\"url\":\"https:\/\/www.farbysealine.pl\/index.php\/szpring-pl\/\",\"name\":\"Szpring.pl - Farby Sea-Line\",\"isPartOf\":{\"@id\":\"https:\/\/www.farbysealine.pl\/#website\"},\"datePublished\":\"2025-07-08T08:12:42+00:00\",\"dateModified\":\"2025-07-08T08:12:45+00:00\",\"breadcrumb\":{\"@id\":\"https:\/\/www.farbysealine.pl\/index.php\/szpring-pl\/#breadcrumb\"},\"inLanguage\":\"pl-PL\",\"potentialAction\":[{\"@type\":\"ReadAction\",\"target\":[\"https:\/\/www.farbysealine.pl\/index.php\/szpring-pl\/\"]}]},{\"@type\":\"BreadcrumbList\",\"@id\":\"https:\/\/www.farbysealine.pl\/index.php\/szpring-pl\/#breadcrumb\",\"itemListElement\":[{\"@type\":\"ListItem\",\"position\":1,\"name\":\"Strona g\u0142\u00f3wna\",\"item\":\"https:\/\/www.farbysealine.pl\/\"},{\"@type\":\"ListItem\",\"position\":2,\"name\":\"Szpring.pl\"}]},{\"@type\":\"WebSite\",\"@id\":\"https:\/\/www.farbysealine.pl\/#website\",\"url\":\"https:\/\/www.farbysealine.pl\/\",\"name\":\"Farby Sea-Line\",\"description\":\"\",\"potentialAction\":[{\"@type\":\"SearchAction\",\"target\":{\"@type\":\"EntryPoint\",\"urlTemplate\":\"https:\/\/www.farbysealine.pl\/?s={search_term_string}\"},\"query-input\":\"required name=search_term_string\"}],\"inLanguage\":\"pl-PL\"}]}<\/script>\n<!-- \/ Yoast SEO plugin. -->","yoast_head_json":{"title":"Szpring.pl - Farby Sea-Line","robots":{"index":"index","follow":"follow","max-snippet":"max-snippet:-1","max-image-preview":"max-image-preview:large","max-video-preview":"max-video-preview:-1"},"canonical":"https:\/\/www.farbysealine.pl\/index.php\/szpring-pl\/","og_locale":"pl_PL","og_type":"article","og_title":"Szpring.pl - Farby Sea-Line","og_description":"Szpring.pl \u2013 polecany sklep \u017ceglarski Jako przedstawiciel marki Sea-Line, specjalizuj\u0105cej si\u0119 w profesjonalnych farbach, szpachlach i systemach piel\u0119gnacji dla jacht\u00f3w i \u0142odzi, z przyjemno\u015bci\u0105 wspieramy wsp\u00f3\u0142prac\u0119 z firmami, kt\u00f3re stawiaj\u0105 na jako\u015b\u0107, odpowiedzialno\u015b\u0107 i realne wsparcie dla \u015brodowiska \u017ceglarskiego.W\u0142a\u015bnie dlatego z pe\u0142nym przekonaniem polecamy Szpring.pl jako solidnego i godnego zaufania partnera w bran\u017cy. Cenimy ich [&hellip;]","og_url":"https:\/\/www.farbysealine.pl\/index.php\/szpring-pl\/","og_site_name":"Farby Sea-Line","article_modified_time":"2025-07-08T08:12:45+00:00","twitter_card":"summary_large_image","twitter_misc":{"Szacowany czas czytania":"2 minuty"},"schema":{"@context":"https:\/\/schema.org","@graph":[{"@type":"WebPage","@id":"https:\/\/www.farbysealine.pl\/index.php\/szpring-pl\/","url":"https:\/\/www.farbysealine.pl\/index.php\/szpring-pl\/","name":"Szpring.pl - Farby Sea-Line","isPartOf":{"@id":"https:\/\/www.farbysealine.pl\/#website"},"datePublished":"2025-07-08T08:12:42+00:00","dateModified":"2025-07-08T08:12:45+00:00","breadcrumb":{"@id":"https:\/\/www.farbysealine.pl\/index.php\/szpring-pl\/#breadcrumb"},"inLanguage":"pl-PL","potentialAction":[{"@type":"ReadAction","target":["https:\/\/www.farbysealine.pl\/index.php\/szpring-pl\/"]}]},{"@type":"BreadcrumbList","@id":"https:\/\/www.farbysealine.pl\/index.php\/szpring-pl\/#breadcrumb","itemListElement":[{"@type":"ListItem","position":1,"name":"Strona g\u0142\u00f3wna","item":"https:\/\/www.farbysealine.pl\/"},{"@type":"ListItem","position":2,"name":"Szpring.pl"}]},{"@type":"WebSite","@id":"https:\/\/www.farbysealine.pl\/#website","url":"https:\/\/www.farbysealine.pl\/","name":"Farby Sea-Line","description":"","potentialAction":[{"@type":"SearchAction","target":{"@type":"EntryPoint","urlTemplate":"https:\/\/www.farbysealine.pl\/?s={search_term_string}"},"query-input":"required name=search_term_string"}],"inLanguage":"pl-PL"}]}},"_links":{"self":[{"href":"https:\/\/www.farbysealine.pl\/index.php\/wp-json\/wp\/v2\/pages\/134"}],"collection":[{"href":"https:\/\/www.farbysealine.pl\/index.php\/wp-json\/wp\/v2\/pages"}],"about":[{"href":"https:\/\/www.farbysealine.pl\/index.php\/wp-json\/wp\/v2\/types\/page"}],"author":[{"embeddable":true,"href":"https:\/\/www.farbysealine.pl\/index.php\/wp-json\/wp\/v2\/users\/1"}],"replies":[{"embeddable":true,"href":"https:\/\/www.farbysealine.pl\/index.php\/wp-json\/wp\/v2\/comments?post=134"}],"version-history":[{"count":2,"href":"https:\/\/www.farbysealine.pl\/index.php\/wp-json\/wp\/v2\/pages\/134\/revisions"}],"predecessor-version":[{"id":138,"href":"https:\/\/www.farbysealine.pl\/index.php\/wp-json\/wp\/v2\/pages\/134\/revisions\/138"}],"wp:attachment":[{"href":"https:\/\/www.farbysealine.pl\/index.php\/wp-json\/wp\/v2\/media?parent=134"}],"curies":[{"name":"wp","href":"https:\/\/api.w.org\/{rel}","templated":true}]}}